) = 4 + 3*x**2 - x + 0*x**3 - 3*x**3 + x**3 + 3*x**3. What is o(-4)?
-8
Let u(r) = 6*r. Let p(v) = 11*v. Let g(n) = -3*p(n) + 5*u(n). What is g(-2)?
6
Let g(h) = 2*h. Suppose 4*o + 0*o - 20 = 0. Determine g(o).
10
Let m(r) = -r - 4. Suppose -5*q - j + 13 = -3, -4*q + 4*j = -8. Let p = 0 - 0. Suppose p*i = -i + q. Calculate m(i).
-7
Let a(t) = 3*t - 7. Let b(h) = -4*h + 8. Let m(n) = -7*a(n) - 6*b(n). Let s(i) = -i**3 - 8*i**2 - 9*i - 9. Let d be s(-7). Suppose -4 = f - d*f. What is m(f)?
4
Let n(a) be the third derivative of -a**6/120 - a**5/10 - a**4/6 - a**3/6 + 36*a**2. Let x(m) = m**2 - 6*m. Let d be x(5). Calculate n(d).
-6
Suppose 3*z - 5 = -3*r + 4*r, -2*z - 2*r + 14 = 0. Suppose -6*m = -z*m + 6. Let o(i) = i - 2. What is o(m)?
-4
Let c(l) = l - 8. Let u(z) = z - 1. Let g be u(3). Let q(i) = 4 - 3*i - g*i - 3. Let y be q(-1). Determine c(y).
-2
Suppose 4*o + 12 = -3*b + b, 12 = -4*b - 2*o. Let c = 3 + b. Let v(k) = -8*k. Let w(l) = 9*l. Let r(i) = 6*v(i) + 5*w(i). What is r(c)?
-3
Let t(v) be the third derivative of -v**5/60 - v**4/8 - v**3/6 + 7*v**2. Give t(-3).
-1
Let z(m) = m + 3. Suppose -5*f = -2*f - 4*i + 3, 3*i = 3*f. Let u be 2/(((-3)/f)/1). Give z(u).
1
Let f(v) = -v**3 - 5*v**2 - 3*v + 4. Suppose d - 4*d + 27 = 0. Let n(b) = b - 12. Let s be n(d). Determine f(s).
-5
Suppose -2*s = p - 6, 3*p + 0*s - 14 = -2*s. Let f(c) = 11*c**2 - 12*c**2 - 4 - p - c. Determine f(0).
-8
Let u = 6 - 7. Let h = u + 2. Suppose h = -2*c + 3. Let s(d) = -11*d**2. Give s(c).
-11
Let q(g) = 3*g + 1. Let j(w) = w + 1. Let h be j(3). Suppose 0 = -6*k + h*k. Suppose -4*y - 7 - 9 = k. What is q(y)?
-11
Let s(z) = z + 7. Suppose 0 + 6 = 3*h. Suppose v + 0 = h. Suppose v*w + 2 + 4 = 0. What is s(w)?
4
Let f be 0*2*(-2)/8. Let h = f + 5. Let p(v) = -v**2 + 5*v - 7. Determine p(h).
-7
Let p(k) be the first derivative of k**2/2 + 6*k + 1. What is p(-7)?
-1
Let p(k) = 22*k - 51 - 18*k + 50. Give p(-2).
-9
Let i(f) = f + 1. Let s(k) = -4*k - 3. Let j(a) = 3*i(a) + s(a). What is j(2)?
-2
Let r(z) = 2*z**2 + z**2 + z**2 - 3*z**2. Calculate r(-1).
1
Let d(n) = n + 9. Let z = 14 - 21. Give d(z).
2
Let p(i) be the second derivative of -7*i**3/6 - 2*i**2 + 2*i. Let a(j) = 37*j + 1 + 4 - 29*j. Let y(k) = -6*a(k) - 7*p(k). What is y(2)?
0
Let b(l) = 2*l**2 - 7*l - 4. Let c(u) = u. Let p(g) = b(g) + 3*c(g). Give p(4).
12
Let l(x) = x**2 + 3*x - 3. Suppose 0 = 4*u - 16, -k = -2*k + 2*u - 5. Suppose 0 = -3*w + k*d + 15, -4*d + 10 = -2*w + 26. Determine l(w).
7
Let k(h) = 1 + h**3 - 6 - 8*h**2 - 6*h + 6*h. Determine k(8).
-5
Suppose 9*s - 12 = -3*h + 4*s, 4*h - 3*s + 13 = 0. Let q(w) = 7*w**2 + w. What is q(h)?
6
Let i be 20/6 + (-10)/30. Let j(w) = -w + 2. Determine j(i).
-1
Let s(r) = r**2 + 11. Suppose 0 = 4*k, 5*g - 5*k = -k. What is s(g)?
11
Let u be (-20)/8*4/(-5). Let s(w) = -7*w + 4 + 4*w**2 - 4 - 5*w**u. What is s(-3)?
12
Let b(j) = j**2 + 8*j + 2. Let f be -4 - (-4)/((-8)/6). Calculate b(f).
-5
Suppose -5*h + h - 4*k = -4, 4*h - 4*k = 12. Let g(f) = -3 - 2*f - 1 + 3. What is g(h)?
-5
Let h(m) = -4*m**3 - 7*m**2 - 7*m + 58. Let g(j) = 3*j**3 + 5*j**2 + 5*j - 39. Let a(u) = -7*g(u) - 5*h(u). Calculate a(0).
-17
Let v(f) = -2*f + 2*f**3 - 1 - f**2 - 2*f**2 - 4*f + 4*f. Let o(x) = -5*x**3 + 6*x**2 + 4*x + 2. Let g(t) = 3*o(t) + 7*v(t). Determine g(-2).
-1
Suppose -5*k + 9 - 34 = 0. Suppose 12 - 36 = -4*a. Let v = a + k. Let c(r) = 6*r**2 + r - 1. What is c(v)?
6
Let v(d) be the first derivative of -d**4/24 + d**3/2 + d**2/2 + 2. Let q(l) be the second derivative of v(l). Let j be (-3)/(-12) - (-19)/4. Determine q(j).
-2
Let m(y) be the third derivative of 7*y**2 + 5/6*y**3 - 1/24*y**4 + 0*y + 0. What is m(4)?
1
Let l(c) = -2*c**2 + c - 2. Let g be l(-2). Let r = g + 20. Let x be 2/r - (-9)/12. Let a(m) = -4*m**2 - m + 1. Calculate a(x).
-4
Suppose 20*d + 10 = 25*d. Suppose g + v = -4, d*v + 9 - 1 = g. Let c(y) = y - 9. Determine c(g).
-9
Let l(o) = o - 4. Let v(n) = -n + 6. Let m be v(9). Give l(m).
-7
Let j(z) = z**3 - 5*z**2 - 7*z + 7. Suppose -6*g + 51 = 15. Determine j(g).
1
Suppose 3*s = 2*n + 2, -5*s - 2*n = -s - 12. Let g be 2*(-4)/(16/(-18)). Let c(z) = g*z + z - s*z - 1. Calculate c(-1).
-9
Let x(w) be the second derivative of -w**5/20 - w**4/2 - w**3/6 - 2*w**2 + 12*w. Determine x(-6).
2
Let g = -80 + 47. Let p be (-2)/9 + g/(-27). Let b(f) = -2 + 0 - p - f. Give b(-2).
-1
Let x(h) be the first derivative of -h**5/60 - h**4/24 + h**2/2 + 2. Let u(p) be the second derivative of x(p). What is u(-2)?
-2
Let j(b) = 3*b**3 - 5*b**2 + 12*b + 10. Let v(l) = 8*l**3 - 15*l**2 + 35*l + 29. Let m(n) = 11*j(n) - 4*v(n). Determine m(-6).
6
Let d(s) = -s**3 + 8. Suppose -k - 4*o = -8, -2 = -4*k - 4*o + 3*o. Let a be 1/(-1) + 1 + k. Determine d(a).
8
Suppose 4*g + 7 = 5*g. Let u = 8 - g. Let c(s) = -2*s. Let f(l) = -3*l. Let i(n) = -5*c(n) + 6*f(n). Give i(u).
-8
Let m be 1*-2 + 0 + -1. Let n(r) = -2*r - 1. Let z be 4*((-15)/(-6) - 3). Let u(k) = 2*k + 2. Let f(a) = z*u(a) - 3*n(a). Determine f(m).
-7
Let r(v) = v**3 + 6*v**2 - 7*v - 3. Let x be r(-7). Let k(w) be the third derivative of -w**5/60 - w**4/12 - 2*w**3/3 + 2*w**2. Determine k(x).
-7
Suppose 7*y - 3*y + 20 = -q, -5*q + 25 = -5*y. Let j be 4/(-20) - 22/(-10). Let x(k) = -k**2 + 0*k**2 + 5 + k - j. Determine x(q).
3
Let x = 0 + -3. Let b(h) = 3*h + 8. Let v(a) be the third derivative of -a**4/8 - 3*a**3/2 + 4*a**2. Let l(f) = 6*b(f) + 5*v(f). Determine l(x).
-6
Let c be 2/(-4 - (-24)/3). Let j(y) be the first derivative of 1/3*y**3 - 2 + 0*y - c*y**2. Calculate j(1).
0
Let x(k) = -2*k**3 - 4*k**2 + 18*k + 2. Let d(n) = 2*n. Let s(g) = -8*d(g) + x(g). Determine s(-3).
14
Let v(y) be the second derivative of -1/6*y**3 + 0 + y**2 + 4*y. Let x(w) = -5*w + 10. Let o(u) = 11*v(u) - 2*x(u). Give o(6).
-4
Let n(k) = 2*k**2 + 3*k + 5. Suppose 0 = 2*q + 30 - 22. Determine n(q).
25
Let o(z) = -z - 1. Let w be o(2). Let t(r) = -9*r - 12. Suppose 3*p - 3 = 4*c, 0 + 9 = -5*p + 2*c. Let h(u) = 3*u + 4. Let f(x) = p*t(x) - 8*h(x). What is f(w)?
-5
Suppose -4*m - 3*p - 1 = 0, -3*m - 4*p = p + 9. Let h(a) = a**3 + 2*a**2 - 2*a. Give h(m).
12
Suppose -18 = -6*l + 3*l. Let m(z) = z**2 - 6*z + 3. Calculate m(l).
3
Let n(u) = -u + 1. Let x be n(-4). Suppose 0 = 2*r + x*i - 33, -3*r = -2*i - 0*i - 2. Suppose -9 = r*k - k. Let p(q) = -q**3 - 3*q**2 - q + 4. Give p(k).
7
Let v = -21 - -21. Let y(u) = u**3 + u**2 - u + 15. Calculate y(v).
15
Let f(v) = 1 - 1 - 3 + 2*v. Let l(d) = d**3 - 7*d**2 + 3. Let t be l(7). Calculate f(t).
3
Suppose 0 = -7*s + 4*s. Let r(b) = b**2 + b + 0*b**2 - 3*b - 3*b. Let f(i) = i. Let t(j) = -6*f(j) - r(j). What is t(s)?
0
Let r(f) = 5*f - 43. Let d be r(7). Let s(i) = -i**3 - 8*i**2 - i - 5. Determine s(d).
3
Let l(j) = -j**2 - j + 5. Let o = 5 - 6. Let b be -4 + 2 + -1 + o. What is l(b)?
-7
Let n(t) = -3*t**2 + 3*t - 4. Let a(g) = g**2 + g + 1. Let d(c) = 5*c**2 - 12*c + 9. Let y(k) = 3*a(k) + d(k). Let v(h) = 11*n(h) + 4*y(h). What is v(-4)?
0
Let l(i) be the third derivative of 0*i + 0 - 7/24*i**4 + 1/2*i**3 - 1/60*i**5 - 4*i**2. Determine l(-6).
9
Let x(a) = -3 + a + 4*a - 5*a - 8*a. What is x(-3)?
21
Let y(g) = -4*g. Let k(p) = -p**3 + 4*p**2 + 6*p - 7. Let t be k(5). Give y(t).
8
Let s(w) = w + 6. Let g be s(-5). Let a(j) = -j**3 - 2*j**2 + j. What is a(g)?
-2
Let l = -2 - -3. Let a(q) = -2*q**3 + q**2 + 4*q + 3. Let y(i) = -i**2 - i - 1. Let k(x) = -a(x) - 3*y(x). Give k(l).
3
Let o(d) = d**2 + 2*d. Let c be o(5). Suppose -2*g - 28 = -4*r, -2*r - 5*g = 3*r - c. Suppose -2*f + 1 + r = 0. Let t(j) = -j - 4. Give t(f).
-8
Let x(u) = 4*u + 3. Let a(h) = h**3 + 6*h**2 + 11*h + 7. Let d be a(-4). Give x(d).
-17
Let q(c) be the first derivative of -c**3/3 + 3*c**2 - 3*c + 1. Suppose -2*m - 3*b - 25 = -7*m, -5 = -m - 3*b. Let r be q(m). Let x(h) = 3*h - 1. Give x(r).
5
Let q = -95 + 93. Let v(i) = i**2 + 1. Determine v(q).
5
Let r(v) be the first derivative of v**2/2 + 7*v - 1. Let d be -2 + 2 - (-7 + 4). Let q(i) = -2*i - 13. Let u(m) = d*q(m) + 5*r(m). What is u(-3)?
-1
Let v(u) = 2*u + 4. Let d(w) = w**3 + 5. Let l be d(0). Suppose l*s = 3*s. Suppose -t - 16 = 5*c, 8 + s = -c - 5*t. Determine v(c).
-2
Let g(x) = -x**2 - 5*x - 9. Let z(v) = 4*v + 16 - 3*v - 3 + 6*v + v**2. Let n(a) = 7*g(a) + 5*z(a). 